the remainder when 33 is divided by t.
1
Let y be (3 + -3 - -3) + -3. Suppose 2*q = -2*u + 178, y = -3*q + 3*u + 61 + 206. Let n = q + -62. Calculate the remainder when n is divided by 16.
11
Let h = -1015 - -1222. What is the remainder when h is divided by 35?
32
What is the remainder when -1 + -12 + 1 - -341 is divided by 48?
41
Let d(q) = q**2 + 3*q - 2. What is the remainder when d(9) is divided by 11?
7
Let g(n) = n**2 + 6*n + 4. Suppose 0*r = 5*r + 15. Let o be g(r). Let b = o - -20. What is the remainder when 59 is divided by b?
14
Let q(n) = 15*n + 4*n - n - 9. What is the remainder when q(3) is divided by 12?
9
Let n = 3404 + -3391. Let b(d) = 62*d. Calculate the remainder when b(1) is divided by n.
10
Let t be 0*(22/6 - 4). Suppose t = 2*p - 37 + 9. Calculate the remainder when 54 is divided by p.
12
Suppose -2*j = 0, 5*m - 6*m = 5*j - 259. What is the remainder when m is divided by 6?
1
Let c(q) = -5*q**3 - 6*q**2 + q - 5. Let d be c(-7). Suppose -12*y - 269 + d = 0. Calculate the remainder when y is divided by 24.
23
Suppose -4*o - 770 = -11*o. Suppose -3*h = 2*j - 6*j - o, h = 2*j + 54. Let t = -14 - j. Calculate the remainder when 23 is divided by t.
11
Let i = -25 + -1. Let x = i - -41. Suppose 19 + 13 = 4*k. Calculate the remainder when x is divided by k.
7
Suppose 2*p - 140 = -2*h, 3*p - 14 + 23 = 0. What is the remainder when 144 is divided by h?
71
Let p(d) = -d**2 + 8*d - 9. Let n be p(4). Suppose 3*k = -3*z, -4*k + n = 2*z + 1. Suppose 0 = -5*y + 17 + k. Calculate the remainder when y is divided by 2.
0
Let k be (-4 + (-14)/(-4))*-10. Suppose 5 = k*d, j - 2*j - 3*d + 19 = 0. Let o = j + -14. What is the remainder when 5 is divided by o?
1
Suppose -2*f - 2551 + 879 = 0. What is the remainder when f/(-16) - (-7)/(-28) is divided by 8?
4
Suppose b + g = 3, 7*b - g = 2*b + 21. Suppose 174 = b*t - 126. Calculate the remainder when t is divided by 16.
11
Let y = 341 - 126. Suppose -y = 2*s - 7*s. Calculate the remainder when s is divided by 23.
20
Let u(w) be the third derivative of -w**4/24 - 13*w**3/6 + 5*w**2. Let q be u(4). Let p = 55 - q. What is the remainder when p is divided by 25?
22
Let l(t) = 20*t + 155. Calculate the remainder when 39 is divided by l(-7).
9
Suppose -9*q + 462 = 2*q. Calculate the remainder when q is divided by 5.
2
Let q = -73 - -109. What is the remainder when q is divided by (3 + -1 + -6)/((-2)/10)?
16
Let g be (-11)/(-3) + (-9)/(-27). Let q(t) = -t**3 + 7*t**2 + 7*t - 9. Let j be q(7). Suppose -6*k + j = g. What is the remainder when 10 is divided by k?
4
Suppose 2*q - 7*q = -15. Let s be 2 + (-5 - -3 - -40). Suppose s = 2*j + q*j. Calculate the remainder when j is divided by 3.
2
Suppose -147 = 3*r - 6*r + 2*j, -r = 5*j - 83. Suppose 2*c = c + 8. Calculate the remainder when r is divided by c.
5
Let t(x) = -10*x + 28. Let w be t(3). Let r(v) = -5*v - 1. What is the remainder when r(w) is divided by 8?
1
Suppose 3*v + 4 = -3*a + 82, -v - 112 = -5*a. What is the remainder when 151 is divided by a?
13
Let d = 27 + -32. Let m be ((-2)/4)/(d/2410). Suppose m = 7*k + 45. What is the remainder when 54 is divided by k?
26
Suppose 3*y + d = -0*y + 4, d = 4. Suppose y = -4*q + 28 - 4. Calculate the remainder when 41 is divided by q.
5
Let n = 59 + -47. What is the remainder when 414/n - ((-2)/4 - 0) is divided by 12?
11
Let c(b) be the first derivative of 3*b**2/2 - 1. Let t be c(2). What is the remainder when t/(-4)*116/(-3) is divided by 15?
13
Let h(a) = 4*a**2 - 43*a - 9. Let w be h(11). Suppose -k = -4*v + 133, 0*v - 2*v = w*k - 74. What is the remainder when 64 is divided by v?
30
Let f(s) = s**2 + 7*s - 5. Let x be f(-8). Suppose -5*o = -10, 250 = -x*w + 5*w - 4*o. Calculate the remainder when w is divided by 33.
30
Suppose -2*o = -13*o + 264. What is the remainder when 89 is divided by o?
17
Calculate the remainder when ((-326)/(-4))/(10*(-1)/(-20)) is divided by 21.
16
Suppose i - 1 = o, -4*o - 2 = i - 3. What is the remainder when (i + -6 + -2)/(-1) is divided by (7/(-7))/(9/(-45))?
2
What is the remainder when (6 - (-121 + -2))*1 is divided by 22?
19
Let j(d) = -d**2 + 19*d - 17. Let s = -10 - -27. What is the remainder when j(s) is divided by 7?
3
Let d = 2587 - 2122. Calculate the remainder when d is divided by 43.
35
Let y = 775 - 764. What is the remainder when 38 is divided by y?
5
Suppose -5*u = -2*t + 147, 5*t - 60 - 294 = -u. Calculate the remainder when t is divided by 42.
29
Let u(p) = p**3 + 52*p**2 + 50*p - 32. Calculate the remainder when 2182 is divided by u(-51).
16
Let i(b) = -b**2 + 5*b + 1. Let s be 0/((-4)/2) + 1 + 8. Suppose 3*w - 30 = -s. What is the remainder when w is divided by i(4)?
2
Let o = 16 - 7. Let l(z) = z**2 - 9*z. Let x be l(o). Suppose x = 5*u - 20, -4*w - u + 140 = 3*u. Calculate the remainder when w is divided by 8.
7
Let q be 18/(-27) + (-5)/(-3) + 128. Suppose -5*a = -4*t + 528, -4*a = t - 6*a - q. What is the remainder when t is divided by 47?
43
Let x = -484 + 506. Calculate the remainder when x is divided by 3.
1
Suppose -3*q = 5*u - 90, -4*u + 2*q + 65 = u. What is the remainder when 103 is divided by u?
13
Suppose 0 = 2*z - 6*z + 12. Suppose -z*r + 355 = 2*r. Calculate the remainder when r is divided by 12.
11
Let z(t) = 11*t**2 + t + 40. Calculate the remainder when 226 is divided by z(4).
6
Let q = 7 - -14. Let h be (-1 + (-18 - -2))/((-4)/8). Let l = h - q. What is the remainder when 38 is divided by l?
12
Let y = 2 - 0. Let m = -103 - -61. Let f = m - -47. Calculate the remainder when f is divided by y.
1
Let x = 353 - 257. What is the remainder when x is divided by 98/3 - 2/(-6)?
30
Let f be (0 + 0 - -2) + (-6)/2. What is the remainder when 105 is divided by -24 + 42 + 0*1/f?
15
Let i(z) = -z + 2. Let f(p) = -1. Let j(r) = 3*f(r) + i(r). Let s(g) = 2*g + 7. Let b(n) = 3*j(n) - s(n). Calculate the remainder when b(-7) is divided by 14.
11
Let l(f) = f**2 + 9*f + 25. Let j(r) = -r**2 + 9*r + 10. Let x(t) = -5*t - 1. Let w be x(-2). Calculate the remainder when j(w) is divided by l(-6).
3
Let v(i) = -i + 7. Let s be v(0). Suppose s + 2 = f. Let t = 29 - f. Calculate the remainder when t is divided by 7.
6
Let y = -310 + 817. What is the remainder when y is divided by 30?
27
Let c(g) = -g**3 - 9*g**2 + 45*g + 112. Calculate the remainder when 582 is divided by c(-12).
2
Let z(j) = 2*j**3 - 3*j**2. Let a = -273 - -283. What is the remainder when z(3) is divided by a?
7
Let x(v) = v**3 + 4*v**2 - 3*v - 4. Let h(f) = -f**3 + f**2 - f - 1. Let g(j) = -4*h(j) + x(j). Calculate the remainder when 10 is divided by g(1).
4
What is the remainder when (300/120)/((-5)/(-4)) is divided by 2?
0
What is the remainder when 1/(((-4)/(-4220))/((-5)/(-25))) is divided by 25?
11
Suppose -5*p + 15 = -h, 4*p + 17 = -3*h - 2*h. Suppose -3*s + 46 = -s - m, -p*s + 2*m = -44. Calculate the remainder when s is divided by 9.
6
Let q(v) = -2*v**3 - 12*v**2 - 11*v - 2. Calculate the remainder when q(-7) is divided by 29.
28
Let p be (2 - 2)/5*1. Suppose -2*z + 7 + 21 = p. What is the remainder when z is divided by 6?
2
Suppose 2*b + 4 + 66 = 2*i, 4*i - b = 152. Calculate the remainder when 56 is divided by i.
17
Suppose 4*g = -0 + 24. Let m(u) = -u**3 + 7*u**2 + 4*u - 5. Suppose 3*z - 3 = -q + 5, 2*q = -3*z + 22. Calculate the remainder when m(g) is divided by q.
13
Suppose 0 = -5*g - i + 5*i + 243, -3*g + 4*i = -149. Let b = g - 15. What is the remainder when 63 is divided by b?
31
Suppose -p + 4*p + 2*n - 100 = 0, 4*n + 196 = 5*p. What is the remainder when p is divided by 19?
17
Let y(x) = 2*x**2 + 13*x + 18. Let w be y(-5). Let v(z) = 2*z**2 + 2*z + 2. What is the remainder when 128 is divided by v(w)?
24
Let t(s) = 2*s**2 + 52*s - 163. What is the remainder when 19 is divided by t(-29)?
8
Suppose 2*o = -3*b - 39, -3*o - 7 = -5*b - 72. Calculate the remainder when 21 is divided by b*(-5)/(4 + 1).
8
Let t(q) = 18*q**2 + 3*q - 12. Calculate the remainder when t(-6) is divided by 9.
6
Let k(o) = o + 73. Calculate the remainder when 80 is divided by k(-32).
39
Let p(d) = d**2 - 2*d - 5. Let a be p(-2). Suppose 5*f - 61 = a*z, -f - z + 1 = -8. Calculate the remainder when 41 is divided by f.
8
Calculate the remainder when (-14)/63*1*-2826 is divided by 63.
61
Let o = 17 - 1. 